 remainder when u is divided by 31.
27
Let x = -7 - -14. Let u = x - -237. What is the remainder when u is divided by 49?
48
Let m(v) = -v**2 - 7*v + 7. Let a(u) = 2*u + 26. Let p be -13 - 12/8*2. Let r be a(p). Calculate the remainder when m(r) is divided by 4.
1
Let y(a) = -34*a + 2. Let j be y(1). What is the remainder when 239 is divided by (180/(-40))/(6/j)?
23
Let c(j) = 4*j - 16. Let k be c(4). Suppose 0 = n - 55 - k. What is the remainder when n is divided by 29?
26
Suppose k - 9 = -4, 3*o - 4*k - 52 = 0. What is the remainder when ((-7)/(-3)*-1)/((-1)/o) is divided by 16?
8
Suppose -2*o + 3*o + 96 = 0. Let l = o - -179. Calculate the remainder when l is divided by 23.
14
Suppose -o + 5 - 24 = 0. Let u = o + 16. Let j = 21 - u. Calculate the remainder when 69 is divided by j.
21
Let s(q) = -q**3 - q**2 - 5*q + 5. What is the remainder when 262 is divided by s(-3)?
34
Let d(q) = -5*q - 37. Let l = -9 + 14. Calculate the remainder when d(-11) is divided by l.
3
Let k = 1199 - 1063. What is the remainder when 263 is divided by k?
127
Suppose -4*i + 3*i + 16 = 0. Let j be 62*(1 + 2/4). Suppose d = 4*d - j. Calculate the remainder when d is divided by i.
15
Suppose 193*x = -2*s + 189*x + 56, s - x = 34. What is the remainder when 65 is divided by s?
1
Suppose -3*z = 2*d + 49 - 219, z - 45 = -3*d. What is the remainder when 88 is divided by z?
28
Let c = -17 + 17. Let z(j) = j**3 + 6*j**2 - 3*j. Let t be z(-6). Suppose -2*h + c*h = -t. Calculate the remainder when 34 is divided by h.
7
Suppose 7*u = 9*u - 36. Suppose 4*z = -2*r - u, 3*r + 2 = -2*z + z. Calculate the remainder when 1 is divided by r.
0
Suppose 5*h + 90 = -4*n + 32, 0 = 5*n + 5*h + 70. Calculate the remainder when (-80)/n*12/10 is divided by 4.
0
Let x = 1647 - 1624. Calculate the remainder when x is divided by 6.
5
Suppose 7*b - 24 = 9*b. Let m be 6*(280/b)/(-7). Let h = 24 - m. What is the remainder when 11 is divided by h?
3
Suppose -4*t + 312 = 4*u, 0 = -4*t + t - 5*u + 230. Calculate the remainder when t is divided by 14.
10
Let a(b) = -b**3 + 6*b**2 + 8*b - 7. Let i be a(7). Suppose i*q = q - 148. Calculate the remainder when 39 is divided by (-10)/45 + q/18.
7
Suppose 41*i - 2676 = -380. Calculate the remainder when i is divided by 3.
2
Let v be (-2)/(-11) + 3114/(-66). Let b = v + 79. What is the remainder when 2504/20 - (-1)/(-5) is divided by b?
29
Suppose j - 42 = -f, 5*f = 35*j - 32*j - 150. Calculate the remainder when j is divided by 46/8 + (-5)/(-20).
3
Let x be ((-20)/8 - -3)/((-1)/(-316)). Suppose 2*d - 62 = x. Calculate the remainder when d is divided by 28.
26
Suppose -2*a = 4*h - 82, 3*h = 5*a + 29 - 273. Calculate the remainder when 560 is divided by a.
43
Suppose 4*g = 7*g - 9. Suppose 3*b + s = -759, g*s = -b - 59 - 186. What is the remainder when 2/10 - b/5 is divided by 11?
7
Let u(g) = -g**2 + 20*g + 36. Let z be u(17). Let y = z + -62. What is the remainder when 98 is divided by y?
23
Let l be 0 - 4 - -7 - 12. Let j = l + 24. What is the remainder when j is divided by 4?
3
Suppose 2*a = -4*k + 1122, 2*a = 48*k - 43*k + 1131. What is the remainder when a is divided by 12?
11
Let v = -162 + 89. Let o = 95 + v. What is the remainder when 83 is divided by o?
17
Let h = 259 + -242. Calculate the remainder when 43 is divided by h.
9
Suppose 18*j = 8*j + 210. Let r(c) = 3*c**2 - c + 3. What is the remainder when r(-5) is divided by j?
20
Suppose 0 = -34*g + 38*g - 76. What is the remainder when 79 is divided by g?
3
Let u(a) be the third derivative of a**6/120 + 13*a**5/60 - 7*a**4/24 - 2*a**3/3 + 15*a**2. What is the remainder when u(-13) is divided by 22?
21
Suppose 0 = p - u - 42 - 21, 0 = -5*p - 2*u + 308. What is the remainder when 135 is divided by p?
11
Let g = -61 - -67. Calculate the remainder when 38 is divided by g.
2
Let z = 254 + -248. Calculate the remainder when 9 is divided by z.
3
Suppose 2*t + 98 + 16 = 4*p, p = 5*t + 51. Calculate the remainder when 136 is divided by p.
6
Let t(m) = -m**3 + m**2 - 4*m - 3. What is the remainder when t(-5) is divided by (-2)/((2/(-5))/((-48)/(-10)))?
23
Let m = 242 - 111. Suppose q - 25 + 78 = 3*p, -2*q + 2*p - 90 = 0. Let d = q + m. What is the remainder when d is divided by 31?
28
Let q = -46 - -83. Suppose 21 + 24 = 9*v. What is the remainder when q is divided by (-128)/(-10) - v/(-25)?
11
Suppose 500 = 19*n + 6*n. Suppose -60 = -5*o + 4*m, o + 2 = -m - m. What is the remainder when n is divided by o?
4
Let f = 514 - 426. What is the remainder when f is divided by 43?
2
Let i(w) = 2*w**3 - 9*w**2 + 7*w - 45. Let p(y) = y**3 - 10*y**2 + 8*y - 45. Let n(s) = 2*i(s) - 3*p(s). Calculate the remainder when 9 is divided by n(-13).
3
Let f = -3 + 5. Let l(g) = 3*g**2 - 4*g + 5*g + g**3 - 3*g**2 + 2. Calculate the remainder when 19 is divided by l(f).
7
What is the remainder when 133 is divided by 2/(-4)*2*(-3 + -26)?
17
Suppose -100*i + 103*i - 3426 = 0. What is the remainder when i is divided by 52?
50
Let l be (-5 + -3)*(-14)/8. Let m = l - -7. Suppose -v - m = -2*d, 3*d - v - 48 = -2*d. What is the remainder when 26 is divided by d?
8
Let t(q) = -56*q - 266. Calculate the remainder when 2168 is divided by t(-6).
68
Let y(x) = -x**2 - 9*x + 2. Let b = -19 + 12. Let w be y(b). Suppose 5*g - 4*g = w. What is the remainder when g is divided by 6?
4
Let c = 63 - 54. Let m be (-2)/3 - 35/15. What is the remainder when 9 is divided by (-2)/(-6)*(m + c)?
1
Suppose -3*h = -9 + 33. Let n be (h/10)/((-2)/(-10)). Calculate the remainder when 17 is divided by -2 - (192/4)/n.
7
Suppose 5*i - 2594 = -4*q + 2538, 0 = -3*q + 3*i + 3822. What is the remainder when q is divided by 80?
78
Let p be (54/(-12) - 1)*-100. Suppose 5*x + 3*t = 942, -20 = -3*x + 3*t + p. What is the remainder when x is divided by 24?
21
Let x(v) = -2*v + 57. Suppose f + 41 = -3*q - 0*f, -5*q + 5*f = 35. What is the remainder when x(q) is divided by 22?
15
Suppose 149 - 68 = 3*b. What is the remainder when 104 is divided by b?
23
Suppose -5*l + 110 = 3*k + 39, -3*l + 43 = 2*k. Suppose 4*d - 1544 = -1392. What is the remainder when d is divided by l?
12
Let h(d) = -d + 6. Let v be h(3). Suppose v*k + 2*l - 129 = -34, -5*l = -3*k + 130. Let u = k + -25. What is the remainder when 58 is divided by u?
8
Suppose 13291 = 77*f + 2742. Calculate the remainder when f is divided by 10.
7
Suppose 3*x - 30 = -3*h, -h + 10 = 5*x - 0*x. Let y = -147 - -184. Calculate the remainder when y is divided by h.
7
Let q = 124 + -58. Calculate the remainder when q is divided by 23.
20
What is the remainder when 79 - 2/1*2/(-1) is divided by 56?
27
Let s be 4*(-2 + 3)/2. Let v(u) = 6*u**2 + 3*u - 3. Let i be v(s). Suppose 0 = -3*a + i - 6. Calculate the remainder when 16 is divided by a.
2
Calculate the remainder when 12/(-54) - (-454)/18 is divided by 1 - (8/2 - (29 + -19)).
4
Let j be (4/6)/(10/1215). Calculate the remainder when (j/(-18))/((-6)/184) is divided by 35.
33
Calculate the remainder when (-2094)/4*((-637)/(-39) - 17) is divided by 50.
49
Suppose -2*d = d - 6. Suppose -4*t + 88 = -3*n, 4*t + 5 = d*n + 97. Calculate the remainder when t is divided by 21/((-564)/(-408) + (-2)/(-17)).
11
Let a(l) = -2*l**3 + 1. Let j be a(-1). Let u = 37 - 37. Suppose 4*f - 2*o = 92, -j*f - 7*o + 3*o + 91 = u. Calculate the remainder when f is divided by 7.
4
Suppose 18 = 2*z - 5*q, -1 = -2*z + q + 9. Suppose 2*p - z - 2 = 0. Suppose -19 = -4*w + p*w. Calculate the remainder when 75 is divided by w.
18
What is the remainder when 2/7 - 173907/(-567) is divided by 26?
21
Suppose 2*a - 2*v - 126 = 0, 3*a + 2*v - 181 = -3*v. Let y = -52 + 73. Calculate the remainder when a is divided by y.
20
Let q be (-75)/30*6/(-5). Suppose q*y - 8*y = -95. Calculate the remainder when y is divided by 4.
3
Suppose -3*r = -m + 1212, -m = 39*r - 37*r - 1227. Calculate the remainder when m is divided by 18.
15
Let o = 604 + -381. What is the remainder when o is divided by 28?
27
What is the remainder when 57 is divided by (8/(-23))/(-4) - (-1830)/115?
9
Suppose v - 5*s + 55 - 18 = 0, -4*v + 5*s = 73. Let d = -12 - v. Suppose d = c + 7 - 58. Calculate the remainder when c is divided by 18.
15
Let u(z) = z**2 + z - 1. Suppose -4*d = -3*r - 136 - 7, -5*d - r = -155. Suppose -27*w + d*w = 115. What is 